{"id":11295,"date":"2023-06-03T12:18:14","date_gmt":"2023-06-03T09:18:14","guid":{"rendered":"http:\/\/stilbeton.com.tr\/?page_id=11295"},"modified":"2023-06-06T20:32:05","modified_gmt":"2023-06-06T17:32:05","slug":"beton-elemanlari-tasima-sistemleri","status":"publish","type":"page","link":"https:\/\/stilbeton.com.tr\/?page_id=11295","title":{"rendered":"Beton Elemanlar\u0131 Ta\u015f\u0131ma Sistemleri"},"content":{"rendered":"<p>[vc_row][vc_column][vc_column_text]<\/p>\n<h3><span style=\"color: #000000;\"><strong>Yap\u0131 Malzemesi Tesisleri &#8211; Fabrika \u0130\u00e7i Ta\u015f\u0131ma ( probst )\u00a0<\/strong><\/span><\/h3>\n<p><strong><span style=\"color: #000000;\">Malzeme ak\u0131\u015f\u0131n\u0131z\u0131 h\u0131zland\u0131r\u0131n ve tam rasyonalizasyon potansiyelinizi kullan\u0131n.<\/span><\/strong>[\/vc_column_text]<div class=\"sc-video sc-wrapbox sc-wrapbox-style-default rounded-corners sc-wrapbox-position-below\" style=\"width: 100%;height: 300px;\"><div class=\"sc-wrapbox-inner\">\t<div id=\"selfvideo-17770283191971052075\" class=\"sc-wrapbox-element img-responsive\"><\/div>\r\n\t<script type=\"text\/javascript\">\r\n\t\t(function($) {\r\n\t\t\t$(function() {\r\n\t\t\t\tjwplayer('selfvideo-17770283191971052075').setup({\r\n\t\t\t\t\tfile: 'http:\/\/stilbeton.com.tr\/wp-content\/uploads\/2023\/06\/Probst-inplant-handling-showreel_01.mp4',\r\n\t\t\t\t\theight: '100%',\r\n\t\t\t\t\t\t\t\t\t\twidth: '100%'\r\n\t\t\t\t});\r\n\t\t\t});\r\n\t\t})(jQuery);\r\n\t<\/script>\r\n<\/div><\/div><a class=\"sc-button \"  href=\"http:\/\/stilbeton.com.tr\/?page_id=941\" target=\"_self\" style=\"\">Destek ve Bilgi i\u00e7in bize ula\u015f\u0131n<\/a>[\/vc_column][\/vc_row]<\/p>\n","protected":false},"excerpt":{"rendered":"<p>[vc_row][vc_column][vc_column_text] Yap\u0131 Malzemesi Tesisleri &#8211; Fabrika \u0130\u00e7i Ta\u015f\u0131ma ( probst )\u00a0 Malzeme ak\u0131\u015f\u0131n\u0131z\u0131 h\u0131zland\u0131r\u0131n ve tam rasyonalizasyon potansiyelinizi kullan\u0131n.[\/vc_column_text][\/vc_column][\/vc_row]<\/p>\n","protected":false},"author":1,"featured_media":0,"parent":0,"menu_order":0,"comment_status":"closed","ping_status":"closed","template":"","meta":{"footnotes":""},"class_list":["post-11295","page","type-page","status-publish","hentry"],"_links":{"self":[{"href":"https:\/\/stilbeton.com.tr\/index.php?rest_route=\/wp\/v2\/pages\/11295","targetHints":{"allow":["GET"]}}],"collection":[{"href":"https:\/\/stilbeton.com.tr\/index.php?rest_route=\/wp\/v2\/pages"}],"about":[{"href":"https:\/\/stilbeton.com.tr\/index.php?rest_route=\/wp\/v2\/types\/page"}],"author":[{"embeddable":true,"href":"https:\/\/stilbeton.com.tr\/index.php?rest_route=\/wp\/v2\/users\/1"}],"replies":[{"embeddable":true,"href":"https:\/\/stilbeton.com.tr\/index.php?rest_route=%2Fwp%2Fv2%2Fcomments&post=11295"}],"version-history":[{"count":9,"href":"https:\/\/stilbeton.com.tr\/index.php?rest_route=\/wp\/v2\/pages\/11295\/revisions"}],"predecessor-version":[{"id":11362,"href":"https:\/\/stilbeton.com.tr\/index.php?rest_route=\/wp\/v2\/pages\/11295\/revisions\/11362"}],"wp:attachment":[{"href":"https:\/\/stilbeton.com.tr\/index.php?rest_route=%2Fwp%2Fv2%2Fmedia&parent=11295"}],"curies":[{"name":"wp","href":"https:\/\/api.w.org\/{rel}","templated":true}]}}