{"id":1881,"date":"2014-10-23T07:21:30","date_gmt":"2014-10-23T07:21:30","guid":{"rendered":"http:\/\/codex-themes.com\/scalia\/?page_id=1881"},"modified":"2023-06-03T15:36:14","modified_gmt":"2023-06-03T12:36:14","slug":"about-us-100-width","status":"publish","type":"page","link":"https:\/\/stilbeton.com.tr\/?page_id=1881","title":{"rendered":"Hakk\u0131m\u0131zda"},"content":{"rendered":"<p>[vc_row][vc_column][vc_column_text]<\/p>\n<div class=\"title-h5\"><span style=\"color: #000000;\">\u00a0 \u00a0 \u00a0 \u00a0 \u00a0 \u00a0 \u00a0 \u00a030 y\u0131l\u0131 a\u015fk\u0131n M\u00fchendislik tecr\u00fcbesiyle 2019 y\u0131l\u0131nda faaliyete ge\u00e7en Ankara merkezli\u00a0 <strong>Stil Beton Makina M\u00fchendislik ve D\u0131\u015f Ticaret Limited \u015eirketi<\/strong> Beton Elemanlar\u0131 \u00fcreten fabrikalara ba\u015fta Beton Parke \u00dcretim Hatlar\u0131, Karo \u00dcretim Hatlar\u0131, Beton Briket \u00dcretim Hatlar\u0131, Planet tip Beton Mikserleri, Kal\u0131p ve Ekipmanlar\u0131 tedari\u011finin yan\u0131nda Beton Elemanlar\u0131 ta\u015f\u0131ma Ekipmanlar\u0131 ve Ah\u015fap \/ Poli\u00fcretan \u00dcretim Paletleri ile d\u00fcz ve desenli karo \u00fcretim kau\u00e7uk taban lastikleri ile sekt\u00f6rde yeni yat\u0131r\u0131mlar\u0131n yan\u0131nda, mevcut tesislerin modernizasyonu, verimlili\u011finin art\u0131r\u0131lmas\u0131 ve dan\u0131\u015fmanl\u0131k hizmetleri vermektedir.\u00a0<\/span><\/div>\n<div class=\"title-h5\"><span style=\"color: #000000;\"><strong>\u00a0 \u00a0 \u00a0 \u00a0 \u00a0 \u00a0 \u00a0 Columbia Machine<\/strong>\u00a0\/ Amerika, <strong>Techmatik<\/strong> \/ Polonya, <strong>Polblat<\/strong> \/ Polonya, <strong>Probst <\/strong>\/ Almanya, <strong>Longinotti<\/strong> \/ \u0130talya, <strong>Cassani<\/strong> \/ \u0130talya, <strong>Umberto Piaginiani<\/strong> \/ \u0130talya firmalar\u0131n\u0131n resmi T\u00fcrkiye \u2013 Irak ve K\u0131br\u0131s distr\u00fcb\u00fct\u00f6rl\u00fcklerini y\u00fcr\u00fctmektedir.<\/span><\/div>\n<div><\/div>\n<div><\/div>\n<div><\/div>\n<div><\/div>\n<div><\/div>\n<div><\/div>\n<div><\/div>\n<div><\/div>\n<div><\/div>\n<p>[\/vc_column_text][vc_row_inner][vc_column_inner][\/vc_column_inner][\/vc_row_inner][\/vc_column][\/vc_row][vc_row][vc_column][vc_row_inner][vc_column_inner][\/vc_column_inner][\/vc_row_inner][\/vc_column][\/vc_row][vc_row][vc_column][\/vc_column][\/vc_row][vc_row][vc_column][\/vc_column][\/vc_row][vc_row][vc_column][\/vc_column][\/vc_row][vc_row][vc_column][\/vc_column][\/vc_row][vc_row][vc_column][\/vc_column][\/vc_row]<\/p>\n","protected":false},"excerpt":{"rendered":"<p>[vc_row][vc_column][vc_column_text] \u00a0 \u00a0 \u00a0 \u00a0 \u00a0 \u00a0 \u00a0 \u00a030 y\u0131l\u0131 a\u015fk\u0131n M\u00fchendislik tecr\u00fcbesiyle 2019 y\u0131l\u0131nda faaliyete ge\u00e7en Ankara merkezli\u00a0 Stil&#8230;<\/p>\n","protected":false},"author":1,"featured_media":0,"parent":2508,"menu_order":0,"comment_status":"closed","ping_status":"open","template":"","meta":{"footnotes":""},"class_list":["post-1881","page","type-page","status-publish","hentry"],"_links":{"self":[{"href":"https:\/\/stilbeton.com.tr\/index.php?rest_route=\/wp\/v2\/pages\/1881","targetHints":{"allow":["GET"]}}],"collection":[{"href":"https:\/\/stilbeton.com.tr\/index.php?rest_route=\/wp\/v2\/pages"}],"about":[{"href":"https:\/\/stilbeton.com.tr\/index.php?rest_route=\/wp\/v2\/types\/page"}],"author":[{"embeddable":true,"href":"https:\/\/stilbeton.com.tr\/index.php?rest_route=\/wp\/v2\/users\/1"}],"replies":[{"embeddable":true,"href":"https:\/\/stilbeton.com.tr\/index.php?rest_route=%2Fwp%2Fv2%2Fcomments&post=1881"}],"version-history":[{"count":13,"href":"https:\/\/stilbeton.com.tr\/index.php?rest_route=\/wp\/v2\/pages\/1881\/revisions"}],"predecessor-version":[{"id":11346,"href":"https:\/\/stilbeton.com.tr\/index.php?rest_route=\/wp\/v2\/pages\/1881\/revisions\/11346"}],"up":[{"embeddable":true,"href":"https:\/\/stilbeton.com.tr\/index.php?rest_route=\/wp\/v2\/pages\/2508"}],"wp:attachment":[{"href":"https:\/\/stilbeton.com.tr\/index.php?rest_route=%2Fwp%2Fv2%2Fmedia&parent=1881"}],"curies":[{"name":"wp","href":"https:\/\/api.w.org\/{rel}","templated":true}]}}